) be the third derivative of 0 + 4*c**2 + 0*c + 0*c**3 - 1/6*c**4. Determine v(-2).
8
Let v(s) = -s - 1. Let n(a) = -13*a**3 - a**2 + 4*a + 2. Let z(h) = -n(h) - 3*v(h). Suppose -2*o + 2 = -0. Calculate z(o).
14
Let y(w) = w - 4. Suppose 5*p + j + 3 = -8, -4*j = -p + 2. Let m be 2 + (-1)/(-3 - p). Give y(m).
-1
Let k(a) = 0*a - a**2 - 3*a**3 + a + 2*a**3. Let w(v) = -5*v**3 - 11*v**2 - 4*v - 5. Let z(m) = -4*k(m) + w(m). Calculate z(-6).
7
Let a(l) = 6*l**2 - 13*l + 2. Let f(c) = c**2 - c - 1. Let w(g) = -a(g) + 5*f(g). Determine w(5).
8
Let i be (-3)/(-7) - 76/14. Let v(c) be the third derivative of -c**5/60 - c**4/8 + c**3/2 + 6*c**2. Determine v(i).
-7
Let c(r) = r + 5. Let v = 16 - 25. What is c(v)?
-4
Suppose 0 = -6*u + 2*u + 4. Let m(z) = -6*z + u + z + 6*z. Give m(-4).
-3
Let n(x) = 3*x - 6*x - 4*x - x**2 + 4. Let q be n(-7). Let w be 115/25 - q/(-10). Let v(c) = -c**3 + 5*c**2 - 1. Determine v(w).
-1
Let v be (-1 + 0)/((-2)/2). Let t be (1/v)/(3 + -2). Let b(s) = 5*s - 5*s**2 - s**3 - 10*s + 0 - t. What is b(-4)?
3
Let r be 1 + -5 + 0/2. Let a(i) = i**2 - i. Let d(m) = m**2 - m - 1. Let f(l) = 2*a(l) - d(l). Let c(k) = -k**2 + 1. Let p(w) = -2*c(w) - f(w). Calculate p(r).
9
Suppose 0 = -2*i - i - 3. Let j(q) = -8*q**2 + q. What is j(i)?
-9
Let k(w) = w**3 - 5*w**2 + 5*w - 2. Let g be (2 - 2 - -3)*1. Let a be k(g). Let c(v) = -v - 5. Determine c(a).
0
Let j be -9 + 8*(4 + -2). Let c(s) = 4*s**3 + 7*s**2 + 6*s - 9. Let m(p) = p**3 + p. Let u(g) = c(g) - 5*m(g). Give u(j).
-2
Let f(n) = 10*n. Let w be f(0). Let y(v) = -2*v - 14. Let g(u) = u + 7. Let s(p) = -5*g(p) - 2*y(p). What is s(w)?
-7
Let a(w) = 1 - 2*w + 6*w**2 - 7*w**2 - 8*w**3 + 2*w**2. Let r = 0 - 0. Suppose h - 1 = -r. Calculate a(h).
-8
Let g be 156/27 + -3 + (-4)/(-18). Suppose 0 - 6 = -2*v + 4*y, 0 = 2*y. Let u(l) = 6*l**v + l**3 + 4 - 6*l**g - l. Determine u(0).
4
Let m(d) = -d**2 - 5*d - 2. Suppose -v - 4*v = 10. Let f be v/(-2) - (-12 - -19). What is m(f)?
-8
Let j(l) = 4*l + 6. Let i(b) = -8*b - 11. Let n(k) = 4*i(k) + 7*j(k). Let w be (-1 + 3)*(-9)/6. Let g(m) = -11*m - 6. Let f(o) = w*g(o) + 8*n(o). Give f(2).
4
Let n(d) be the first derivative of 8*d + 1/4*d**4 + 5 - 5/3*d**3 - 9/2*d**2. Determine n(6).
-10
Let b be -3 - (-5 - -1 - -2). Let n(y) be the second derivative of 3*y**5/20 - y**4/6 - y**3/6 - y + 38. What is n(b)?
-4
Let p(w) = w - 1. Let f(x) be the second derivative of -2*x**3/3 + 6*x**2 - 4*x. Let l(g) = f(g) + 6*p(g). Let s be 18/(-4) + (-1)/2. Determine l(s).
-4
Suppose 5*h = h. Let c(b) be the third derivative of b**2 + 1/60*b**5 + 1/2*b**3 + 0*b + 0 + 1/24*b**4. Give c(h).
3
Let u(k) = k + 1. Suppose -v - 4*v - 30 = 0. Let r be u(v). Let t(b) = 7*b**2 - b - 1. Let a(o) = -o**2 + o. Let d(p) = -6*a(p) - t(p). What is d(r)?
1
Let d(o) be the first derivative of -o**4/2 - o**3 - o**2 + 2. Let x(m) = -m**2 + m**2 - 2 + m**2. Let n be x(0). Calculate d(n).
8
Let m(t) = t - 8. Suppose 5*u - 44 = 3*u. Suppose 2 - u = -5*i. Calculate m(i).
-4
Let p(k) = k**2 - 1. Let n(l) = -7*l**2 - 5*l + 7. Let f(v) = n(v) + 6*p(v). Give f(-7).
-13
Suppose f - 2*f + 4*o - 3 = 0, -5*o + 4 = -f. Let h(p) = -7*p**2 - 2*p + 1. Give h(f).
-8
Let d(z) = 2*z + 2*z - 3*z**2 - z + z**2 + 3. Let o = 19 + -7. Suppose -o = -4*y - 0*y. Calculate d(y).
-6
Suppose 0*u - u + 1 = t, 10 = 2*t + 4*u. Let g(f) be the first derivative of -f**4/4 - 4*f**3/3 - f**2 - f + 1. Calculate g(t).
-4
Let i(c) be the second derivative of -c**3/6 + c**2/2 + 6*c. Let g(y) = -y**3 - 2*y**2 - 4. Let r be g(-3). Determine i(r).
-4
Let s(b) be the third derivative of b**6/120 + b**5/20 - 5*b**4/24 + b**3/2 - 45*b**2. Calculate s(-4).
7
Let k(c) be the second derivative of c**4/12 - 7*c**3/6 + c. Let m = -15 - -11. Let f(x) = x + 10. Let t be f(m). Give k(t).
-6
Let t(c) = -4*c. Let d = -1 - 2. What is t(d)?
12
Let f(o) = o**2 - 5*o - 1. Let x be 5/4 - 6/24. Let p = 2 + x. Give f(p).
-7
Let w(g) be the first derivative of -23*g**2/2 + g - 18. Give w(-1).
24
Let y(j) be the second derivative of -j**3/6 + 3*j**2/2 - 15*j. Determine y(2).
1
Let j(t) be the third derivative of t**7/5040 + 11*t**6/720 + t**5/15 - 2*t**2. Let v(c) be the third derivative of j(c). What is v(-7)?
4
Let a be (-6)/(-4)*8/6. Let y(w) = 3*w**2 + w - 2. Give y(a).
12
Let v be (-130)/(-14) - (-6)/(-21). Let u = v + -7. Let h(b) = b + 1 - 4 - b**3 + 2*b. What is h(u)?
-5
Let b = 35 - 19. Let t = 11 - b. Let i(o) = -o**2 - 5*o. Give i(t).
0
Let t(c) = c + 1. Let z be t(3). Suppose -7 = -3*w - 4. Let l(q) = w - 4*q - q + z*q. Determine l(-2).
3
Let n = -2 + 5. Let g = 5 - n. Let m(b) = -3*b + 5 - 5*b + 4*b - g. Determine m(2).
-5
Let d(a) = -5*a**2 - 5*a. Let r(y) = 9*y**2 + 9*y. Let v(s) = 11*d(s) + 6*r(s). What is v(0)?
0
Let d(a) be the second derivative of 4*a - 1/6*a**3 + 0 + 1/20*a**5 + 3/2*a**2 - 1/3*a**4. Give d(4).
-1
Let a = 14 - 13. Let m(c) = 4*c**2 - 10*c + 12. Let s(d) = d**2 - d + 1. Let y(l) = a*m(l) - 5*s(l). Determine y(-6).
1
Let w(l) = 9*l - 4. Let m(o) = o**3 + 4*o**2 + 3*o + 1. Let a be m(-2). Give w(a).
23
Let i(p) = -p**2 + p + 1. Let v(u) be the first derivative of -u**3/3 + 5*u**2 - 12*u + 2. Suppose -2*g + 45 = 3*g. Let k be v(g). Calculate i(k).
-11
Suppose -a + 6*a = 0. Let m(x) = -x - 6 + 0*x + 5. Calculate m(a).
-1
Let h(q) be the second derivative of 2*q + 1/2*q**3 - 7/2*q**2 + 0 + 1/12*q**4. Suppose -l = -3*l + 2*f - 20, 25 = -4*l + f. What is h(l)?
3
Let m(z) = 2*z - 6. Suppose 0 = 2*q - 0*q - 12. Determine m(q).
6
Let o(k) = -k. Let j(u) = 6*u + 4. Let q(x) = -j(x) - 5*o(x). Calculate q(-2).
-2
Let w(u) = -3*u + 3. Let n be (3 - (1 + 3)) + 8. What is w(n)?
-18
Let s(n) = n**2 + 2*n - 24. Let p be s(-6). Let c(j) be the second derivative of -1/12*j**4 - 1/2*j**2 + p - 4*j + 0*j**3. What is c(2)?
-5
Let a be 4 + (-3 - 0)/(-1). Let z(q) = q**3 - 8*q**2 + 7*q + 5. Determine z(a).
5
Let m(p) = -14*p**3 + 12*p**2 - 43*p - 1. Let a(j) = 5*j**3 - 4*j**2 + 15*j. Let x(v) = 17*a(v) + 6*m(v). Determine x(-4).
6
Let f(s) be the third derivative of -s**5/30 + s**4/8 - 16*s**2. Let v = -3 + 6. Calculate f(v).
-9
Suppose -2*t = -4 + 2. Let m(c) be the second derivative of 0*c**2 - c + 0 - 1/6*c**3. Give m(t).
-1
Let w(h) = 2*h - 7. Let t be 4*(4 - (-3)/(-6)). Let c be (-7)/t + 26/4. Determine w(c).
5
Suppose 44 = 8*b + 28. Let g(o) be the first derivative of -3*o**b - 6*o - 3 - 1/3*o**3. What is g(-5)?
-1
Let i(g) = -g**3 - 4*g**2 - 3*g - 4. Let t(h) = -2*h**3 - 8*h**2 - 7*h - 8. Let v(d) = 5*i(d) - 2*t(d). Let u(o) = -o**2 + 2*o. Let b be u(3). Give v(b).
-10
Let u = 5 - 6. Let j(k) = 6*k**3 + 2*k**3 + 1 + 3*k - k. Calculate j(u).
-9
Let u(d) = -5*d + 6 - 3*d**2 + 5*d**2 - 7. What is u(4)?
11
Let o = -72 + 69. Let d(i) = 2*i**2 + 3*i - 1. Determine d(o).
8
Let r(o) = -3*o + 9 - 9. Let u be 2/2 - (2 - 0). What is r(u)?
3
Suppose 0 = 4*p + p - 15. Let d(i) = 1 - 215*i**3 + 216*i**3 - 2*i**2 + 2 - 4*i. Calculate d(p).
0
Let l(g) = g - 3. Let q(z) be the first derivative of -z**3/3 - 7*z**2/2 + 6*z - 3. Let w be q(-7). Give l(w).
3
Let k be 2*(-2)/12*-3. Let j(x) = 3*x + 0*x**2 - 2*x**2 - k - 6*x**2. Let y(h) = -7*h**2 + 2*h - 1. Let g(a) = -2*j(a) + 3*y(a). Give g(-1).
-6
Let y(w) = 19*w + 6. Let m(r) = 242*r + 77. Let a(q) = -6*m(q) + 77*y(q). Suppose 1 = 2*i - i. Give a(i).
11
Let z(m) = -m**2 + 4*m. Let w be z(2). Suppose w*v - 5*x - 2 = 4, 0 = 3*v + 5*x - 22. Let o(u) = -u + 1. Calculate o(v).
-3
Suppose 3*a - 9 = -0, -3*n - 6 = -5*a. Suppose 0 = n*y - 7*y. Let z(b) = -b**2 - b - 8. What is z(y)?
-8
Suppose 0*z + 4*z = -12. Let h(j) = -j**2 - 8*j - 6*j + 3 + 12*j. Calculate h(z).
0
Let d be (-4 - -5)*-1*(-3 - -4). Let g(s) = -10*s**2 - 2*s - 1. Determine g(d).
-9
Let p(v) be the third derivative of -v**5/60 + v**4/6 - v**3/6 + 7*v**2 - 3*v. Determine p(4).
-1
Let b(r) = -r**2 - 1. Let h(s) = 4*s**2 + 5*s + 8. Let l(n) = 3*b(n) + h(n). Give l(-7).
19
Let w(m) = -m**3 + 6*m**2 - 3*m - 7. Let j be (-10)/(-2 - -2 - 2). Let c be w(j). Let k(q) = q + 1 - q**2 + 3*q - 3*q - 2*q**3 - 2*q**c. Give k(-1).
3
Let r(u) = -2 - 1 + 2 + u + 3. What is r(5)?
7
Let o(m) be the second derivative of m**4/12 - m**3/6 + 2*m**2 - 5*m. Determine o(4).
16
Let g(d) = -4*d - 1. Suppose -2 = 3*i + 5*o + 2, -5*i = 2*o - 6. What is g(i)?
-9
Let a(